93
What is the remainder when 1380262 is divided by 28753?
118
Calculate the remainder when 42447 is divided by 3040.
2927
What is the remainder when 498636 is divided by 246?
240
Calculate the remainder when 365345965 is divided by 21.
19
What is the remainder when 416434 is divided by 416372?
62
Calculate the remainder when 188197218 is divided by 62732402.
12
Calculate the remainder when 18618979 is divided by 3098.
3097
What is the remainder when 483014 is divided by 3550?
214
What is the remainder when 65312248 is divided by 2738?
2734
Calculate the remainder when 1933143 is divided by 1857.
6
What is the remainder when 635003771 is divided by 75?
71
What is the remainder when 5142372 is divided by 2625?
2622
What is the remainder when 17658 is divided by 1455?
198
Calculate the remainder when 8757529 is divided by 226.
29
Calculate the remainder when 1733096 is divided by 577678.
62
What is the remainder when 94111 is divided by 296?
279
Calculate the remainder when 15115344 is divided by 411.
408
What is the remainder when 5757559 is divided by 36211?
10
Calculate the remainder when 224318 is divided by 639.
29
What is the remainder when 773526 is divided by 522?
444
What is the remainder when 205065 is divided by 205036?
29
What is the remainder when 61549 is divided by 25?
24
What is the remainder when 42271363 is divided by 2597?
2591
What is the remainder when 233932 is divided by 8994?
88
Calculate the remainder when 85618242 is divided by 759.
6
What is the remainder when 19808066 is divided by 111?
5
Calculate the remainder when 363714 is divided by 5594.
104
What is the remainder when 1859708 is divided by 1859699?
9
What is the remainder when 39030 is divided by 1768?
134
Calculate the remainder when 4682607 is divided by 4682395.
212
What is the remainder when 496892 is divided by 124196?
108
What is the remainder when 1427937 is divided by 62084?
5
What is the remainder when 751422 is divided by 192?
126
What is the remainder when 129885142 is divided by 316793?
12
What is the remainder when 57718 is divided by 1944?
1342
Calculate the remainder when 1398023 is divided by 1486.
1183
What is the remainder when 3549778 is divided by 1333?
1332
What is the remainder when 17894371 is divided by 487?
43
Calculate the remainder when 3012172 is divided by 922.
920
Calculate the remainder when 77898183 is divided by 37.
11
Calculate the remainder when 447295 is divided by 223628.
39
Calculate the remainder when 31783 is divided by 10486.
325
What is the remainder when 2922863 is divided by 4546?
4331
Calculate the remainder when 5768002 is divided by 250774.
200
Calculate the remainder when 47164787 is divided by 597.
593
Calculate the remainder when 4387 is divided by 308.
75
What is the remainder when 122087 is divided by 992?
71
Calculate the remainder when 1514494 is divided by 757242.
10
Calculate the remainder when 10688497 is divided by 106.
93
Calculate the remainder when 63331 is divided by 14723.
4439
What is the remainder when 271345 is divided by 1793?
602
What is the remainder when 1638218 is divided by 4666?
452
Calculate the remainder when 2877298 is divided by 1763.
82
What is the remainder when 266165 is divided by 359?
146
Calculate the remainder when 13035677 is divided by 814729.
13
What is the remainder when 5385775 is divided by 83?
71
What is the remainder when 7127699 is divided by 30?
29
Calculate the remainder when 2217936 is divided by 784.
0
Calculate the remainder when 653691 is divided by 653055.
636
What is the remainder when 44899620 is divided by 411923?
13
What is the remainder when 3468015 is divided by 41?
30
What is the remainder when 43580527 is divided by 10?
7
What is the remainder when 912550 is divided by 228118?
78
What is the remainder when 72273502 is divided by 96?
94
What is the remainder when 172308 is divided by 1206?
1056
Calculate the remainder when 18474472 is divided by 1679496.
16
What is the remainder when 848709 is divided by 4849?
134
Calculate the remainder when 30871287 is divided by 345.
342
What is the remainder when 9077931 is divided by 18?
9
What is the remainder when 1832683 is divided by 668?
359
Calculate the remainder when 29710322 is divided by 2311.
106
Calculate the remainder when 248562 is divided by 107.
1
What is the remainder when 227399 is divided by 18765?
2219
Calculate the remainder when 37743 is divided by 18295.
1153
What is the remainder when 2705297 is divided by 50?
47
What is the remainder when 18016 is divided by 801?
394
Calculate the remainder when 38185 is divided by 19081.
23
Calculate the remainder when 16184563 is divided by 651.
52
What is the remainder when 3284567 is divided by 81?
17
Calculate the remainder when 556294 is divided by 1246.
578
Calculate the remainder when 25070 is divided by 2231.
529
What is the remainder when 112880402 is divided by 1513?
11
What is the remainder when 240005 is divided by 17?
16
What is the remainder when 1207579 is divided by 22?
21
Calculate the remainder when 52088647 is divided by 396.
391
What is the remainder when 254221441 is divided by 101?
98
Calculate the remainder when 29872076 is divided by 84.
80
What is the remainder when 161476 is divided by 1709?
830
Calculate the remainder when 124022 is divided by 30958.
190
What is the remainder when 77912 is divided by 26?
16
What is the remainder when 82179487 is divided by 252?
19
Calculate the remainder when 927286 is divided by 1035.
961
What is the remainder when 106214407 is divided by 3823?
3821
Calculate the remainder when 111842 is divided by 8603.
3
Calculate the remainder when 3324360 is divided by 686.
4
Calculate the remainder when 204092 is divided by 1460.
1152
What is the remainder when 133533 is divided by 643?
432
Calculate the remainder when 338405482 is divided by 39.
25
What is the remainder when 53828729 is divided by 16?
9
What is the remainder when 635892 is divided by 3821?
1606
What is the remainder when 2715836 is divided by 135790?
36
What is the remainder when 822636 is divided by 906?
894
Calculate the remainder when 42657 is divided by 223.
64
What is the remainder when 552200461 is divided by 16?
13
What is the remainder when 44782 is divided by 44684?
98
Calculate the remainder when 909649 is divided by 454751.
147
Calculate the remainder when 626265 is divided by 125229.
120
What is the remainder when 56364 is divided by 2684?
0
Calculate the remainder when 10841008 is divided by 134.
6
What is the remainder when 33853 is divided by 2189?
1018
Calculate the remainder when 78185624 is divided by 175.
174
What is the remainder when 6878217 is divided by 2250?
2217
What is the remainder when 1750314 is divided by 583263?
525
What is the remainder when 1552531 is divided by 2833?
47
Calculate the remainder when 3321598 is divided by 12.
10
Calculate the remainder when 4594878 is divided by 1015.
988
Calculate the remainder when 15322354 is divided by 3830582.
26
What is the remainder when 2706780 is divided by 49214?
10
Calculate the remainder when 292662 is divided by 167.
78
What is the remainder when 6576472 is divided by 23?
13
What is the remainder when 518954 is divided by 259370?
214
Calculate the remainder when 943410 is divided by 924.
6
What is the remainder when 119714308 is divided by 1714?
1692
What is the remainder when 331159 is divided by 32998?
1179
Calculate the remainder when 64631 is divided by 312.
47
What is the remainder when 1581539 is divided by 3570?
29
What is the remainder when 3952358 is divided by 107?
99
What is the remainder when 70570 is divided by 393?
223
Calculate the remainder when 255429 is divided by 517.
31
Calculate the remainder when 3812254 is divided by 544603.
33
Calculate the remainder when 40186770 is divided by 42.
36
Calculate the remainder when 1335811256 is divided by 11.
10
What is the remainder when 2827645 is divided by 869?
788
Calculate the remainder when 242117997 is divided by 120.
117
What is the remainder when 118282 is divided by 6564?
130
What is the remainder when 74615 is divided by 217?
184
Calculate the remainder when 1159353113 is divided by 8884.
8881
What is the remainder when 261319 is divided by 43521?
193
What is the remainder when 713920 is divid